. Let i(s) = -5*s - 1. Let b(l) = -11*i(l) - 2*k(l). Suppose -68 = 44*d - 10*d. Calculate b(d).
-13
Let m(o) be the first derivative of o**4/4 + 4*o**3/3 - 2*o**2 + 356. Calculate m(-5).
-5
Let l = 1570 - 1575. Let w(o) = -o**3 - 3*o**2 - 5*o - 5. Determine w(l).
70
Suppose 5*y + 2*l - 47 = l, 0 = 3*y - l - 25. Let i(v) = -3*v**2 - 9*v - 1. Let t(a) = -7*a**2 - 19*a - 3. Let x(g) = y*i(g) - 4*t(g). Give x(2).
-3
Suppose -3*h + 1 = -8, 0 = -5*k + 5*h - 15. Suppose -3*c = -k*c + 33. Let j = c - -11. Let n(f) = -f**3 - f**2 + f - 2. Give n(j).
-2
Let g(w) = -4*w + 3. Let v(p) = -5*p + 3. Let k(c) = 4*g(c) - 3*v(c). Let r(d) = d**3 + 17*d**2 - d - 24. Let i be r(-17). Determine k(i).
10
Let p(u) = -9*u**2 - 5*u**2 - 14*u + 3*u**2 + 2*u**2 + 18 + u**3 + u. Give p(10).
-12
Let j(k) = -9*k**2 + 12 + 1188*k - 1178*k + k**3 + 4. Calculate j(7).
-12
Let m(b) = b**3 + 7*b**2 - 8*b - 12. Suppose i - 2 = -3*c, 0 = 2*i + 3*i + 5*c. Let s be (i/(-3))/(3/(-72)). Determine m(s).
-12
Suppose 3*l = 2*k - 6 + 15, 5*k + l = 20. Let b(m) = m. Let f(s) = 1. Let i(h) = -b(h) - 3*f(h). What is i(k)?
-6
Let k(y) = -25*y**3 - 38*y**2 - 30*y - 1. Let c(v) = -9*v**3 - 13*v**2 - 10*v. Let s(i) = -11*c(i) + 4*k(i). What is s(-7)?
-32
Let c(k) = 3*k - 5. Let a(n) = n - 1. Let f(v) = 3*a(v) + c(v). Calculate f(7).
34
Suppose 0 = 2*s - 3*w + 20, -2*s + 3*w - 36 = s. Let u = 16 + s. Let d(j) be the third derivative of -j**4/24 + j**3/6 + 2*j**2. Determine d(u).
1
Let j = -7 - -11. Let g(b) = 7*b**2 + 10*b + 5. Let h(s) = -19*s**2 - 29*s - 14. Let o(k) = -11*g(k) - 4*h(k). Determine o(j).
9
Suppose 118*n - 106*n = -60. Let s(o) = -o + 1. Let l be s(-2). Let u(a) = a**2 + a + 2. Let i(d) = -d**2 - 2*d - 2. Let j(b) = l*u(b) + 4*i(b). What is j(n)?
-2
Let r(k) = 16*k**2 + k + 11. Let n(a) = 27*a**2 + a + 22. Let v(i) = -3*n(i) + 5*r(i). Give v(3).
-14
Let j(n) = n**2 - 6*n - 10. Let p be j(7). Suppose 0 = 6*g - 8*g. Let r(w) = g - 2*w - 4*w - 1 + 2*w. Calculate r(p).
11
Suppose 95 = 5*p - 5*t, 3*p - 4*t - t - 65 = 0. Let g be ((-5)/p)/((-2)/12). Let o(a) = -2*a - a + 4 + g*a. Determine o(-3).
7
Suppose 19*r = 14*r - 75. Let s = 19 + r. Let i(x) = -3*x**2 - 8*x + 11. Let u(o) = -2*o**2 - 4*o + 6. Let v(p) = 3*i(p) - 5*u(p). Calculate v(s).
3
Let q(m) = -562 + 563 + 5*m**2 - 2*m**2. Let u(i) = 13*i**2 + 5. Let h(d) = -9*q(d) + 2*u(d). Determine h(3).
-8
Let d(h) be the second derivative of -h**3/3 + 3*h**2/2 - 10*h. Let y be d(-1). Let v(l) = -2 + y - 2 - 4 - 2*l. Calculate v(-5).
7
Let c(w) = w**3 + 3*w**2 - 5*w + 2. Let r(l) = -l**2 + l. Let q(n) = c(n) + 4*r(n). Let j be (37 - 38)*61/1. Let o = j + 63. Give q(o).
4
Let z(p) = -3 + 421*p + 407*p - 827*p + p**2. What is z(-2)?
-1
Let o(c) be the second derivative of c**5/20 - 2*c**4/3 - 5*c**3/3 + 3*c**2 + 2*c + 3. What is o(9)?
-3
Let g(b) be the second derivative of b**4/3 - 2*b**3/3 + b**2 + 2*b + 46. Calculate g(2).
10
Let s(n) = n**2 + 8*n + 1. Let t be 6*(1 - 3/9 - 0). Suppose -2*r + r + 36 = -t*w, -52 = 4*w - 5*r. Give s(w).
1
Let s(n) be the third derivative of n**7/420 - n**6/90 - n**5/60 + n**4/12 - n**3/6 + 35*n**2. Let t(i) be the first derivative of s(i). What is t(-2)?
-26
Let v(y) = -12*y + 38. Let b be v(4). Let r(x) = x + 9. Determine r(b).
-1
Let d(r) = -3 - 3*r - r**3 + 0*r - 93*r**2 - 140*r**2 + 232*r**2. Calculate d(-2).
7
Let k be 1*(81/108 + (-10)/(-8)). Let c(b) = -6*b - 4. Calculate c(k).
-16
Let k(q) = q**3 - q + 7. Suppose 10*i - 3*i = -154. Let l = 18 + i. Let w(m) = -m**3 - 5*m**2 - 5*m - 4. Let b be w(l). What is k(b)?
7
Let c(k) = -k**2 + 3*k - 4. Let g(h) = -h + 2. Let b be -1 - (-1 - 2) - 5. Let u be g(b). Determine c(u).
-14
Let b(i) = i**3 + 6*i**2 + 4*i. Let q be -3 - (15/9 + 2/6). What is b(q)?
5
Let a(c) be the third derivative of -5*c**4/24 + c**3/3 + 122*c**2. Calculate a(5).
-23
Let j(v) = 2*v + 11. Suppose 0 = 36*b + 24*b + 660. Determine j(b).
-11
Let z(f) = -2 + 3*f - 1 + 0 - 4. Let v(m) = 3*m - 6. Let c(q) = -2*q - 6. Let j be c(0). Let r(n) = j*v(n) + 5*z(n). Calculate r(-2).
7
Let h(u) = -u**3 + 3*u**2 - u + 5. Let p be (-3*1)/(0 - 3). Let a(r) = 5*r - 1. Let z be a(p). Give h(z).
-15
Let c(h) = -3 + 8*h - h**2 - 12 + 16. Calculate c(9).
-8
Suppose 18 - 6 = -4*g. Let b(j) be the third derivative of 0*j + 1/24*j**4 + 0 - 1/120*j**6 + 1/6*j**3 - 1/30*j**5 + 34*j**2. What is b(g)?
7
Let y(w) = -3*w**3 - 79 - 70 + 7*w**2 - 8*w + 136. Let g(j) = 2*j**3 - 4*j**2 + 4*j + 7. Let q(z) = 5*g(z) + 3*y(z). Give q(-3).
-10
Let k be 3*(2 - (-2 + 3)). Let j(m) = -m + k + 4 + 0*m. Suppose -28*c = -27 - 141. Determine j(c).
1
Suppose -2*z + 0*z = -4*l + 6, l + 4*z - 6 = 0. Let b(v) = -3*v**l + 8 + 4*v**2 - v**3 - 6*v**2 + 10*v. Determine b(-6).
-16
Let q(p) = -2*p**2 + 25*p - 21. Let x be q(12). Let b(u) = u**3 + 9*u**2 - 4*u - 22. Give b(x).
14
Let g = 21 - -18. Let p = -41 + g. Let r(l) = l**2 + l. What is r(p)?
2
Let w(q) = -q**3 + 22*q**2 - q + 18. Let j be (-20)/24 + 2329/102. Calculate w(j).
-4
Let i be (-8 + 0 + 1)*(-198)/21. Suppose 62*h = i*h + 12. Let a(v) = v**2 + 4*v - 4. Determine a(h).
-7
Let f(y) = 3. Let h(c) = -c + 9. Let g(w) = 7*f(w) - 2*h(w). Give g(4).
11
Let o(k) be the first derivative of k**3/3 + 13*k**2/2 - 9*k + 45. Calculate o(-13).
-9
Let f = 30361/60 - 506. Let u(t) be the third derivative of -5*t**2 + 0*t - 1/60*t**5 - 1/24*t**4 - f*t**6 + 0*t**3 + 0. Give u(-1).
2
Let d be 6/5 - (-7)/(-35). Let a = 1 - -1. Let c(l) = -18*l**a + 6*l**2 + 2 - 3. Give c(d).
-13
Let v be ((-10)/4)/(3/(-6)). Let r(s) = 2 + 2*s**3 - 3*s**3 + 5*s**3 - 4*s**2 - v*s**3. What is r(-4)?
2
Let t be -1 + 2 + (-3)/1 + 6. Let u be 1/((-12)/(-8) + (-2)/t). Let q(c) = -c**3 + 1 - 4*c**3 + 2*c**2 + 2*c**3 - 2*c. Give q(u).
-2
Suppose 0 = 8*d + 155 - 115. Let t(c) = -c + 1. Let q(s) = 2*s - 1. Let l(b) = 3*q(b) + 4*t(b). Calculate l(d).
-9
Let p(h) = -3*h**3 - h**2 - 2*h + 3. Let n be p(1). Let b(z) = -z - 8. Give b(n).
-5
Suppose 0*v + 2*v - f + 16 = 0, -3*v - 23 = -2*f. Let t(r) = -r - 11. Determine t(v).
-2
Let l(c) = -c**2 - c + 5. Let d(b) = -b**2 + 2*b**2 + 10 - 1 - 10*b. Let k be d(9). Give l(k).
5
Let x = 5 + -1. Let i(j) = -j - 3 - 2 + x. Suppose 2*l + 3*n + 8 = 0, 0 = -l + 4*n - 8 + 4. What is i(l)?
3
Let q = 1 + 3. Let d(v) be the third derivative of v**4/24 - v**3/3 - 159*v**2. Determine d(q).
2
Let s = -1018 + 1017. Let k(t) = -9*t + 5. Let b(x) = -17*x + 9. Let c(z) = -6*b(z) + 11*k(z). Give c(s).
-2
Let d(b) = 2 - 1 - 2*b - 3*b + 4*b. Suppose -2*x - x + 13 = -2*w, -w - 5 = 0. Give d(x).
0
Let n(z) = -3*z**2 - z**3 - 6*z - 12*z + 49*z - 33*z. Give n(-4).
24
Let f(q) = q**3 + 6*q**2 + 5*q + 2. Suppose -91 + 28 = -3*k. Let o(u) = -u**2 + 20*u + 16. Let i be o(k). What is f(i)?
2
Suppose 3*n - 10 = -1. Suppose 0 = 3*l - d - 11, 3*l + n*d - 7 = -4. Let z(m) = 0*m + 4 + m - 6 + l. What is z(0)?
1
Suppose 5*w + 3*o - 14 = 0, 5*w - 5*o - 2 = -12. Let h be w + -1 - (-7 - -6). Suppose c + h = 2. Let s(n) = 6*n. Determine s(c).
6
Let x(y) = -2*y - 2. Suppose 0 = -5*q - 5*t - 40, 15*q + t = 17*q + 4. Give x(q).
6
Suppose -5*q = -4*x + 37, -17 - 17 = -3*x + 5*q. Let y(z) = -3*z**3 + 5 + z**2 - 4 + 4*z**x - 5. Let j(p) = -p**2 - 6*p - 5. Let h be j(-5). Calculate y(h).
-4
Let t(j) = j**2 + 2. Let r = 266 - 269. Calculate t(r).
11
Let m(c) be the second derivative of c**3/6 - 4*c**2 - 3*c + 12. Suppose 0 = 3*x + j - 17, -3*j = x + 2*j + 13. Give m(x).
-1
Suppose 0*r - r - 11 = 5*t, -3*t = 5*r + 11. Let q(o) = 8*o**2 + 3*o + 2. Determine q(r).
7
Let k(n) = n**3 - 6*n**2 + 6*n - 1. Let b(a) = -a**2 - a + 6. Let y be b(-3). Suppose 3*j - 20 - 19 = y. Let g = -9 + j. Determine k(g).
-9
Let t = 41 - 39. Let j(z) = -11*z**3 - 2 - t*z + 3*z**2 + 12*z**3 - 3. Determine j(-4).
-13
Suppose -p - 12 + 17 = 0, 3*b + 4*p = 35. Let c(g) = g**2 + g - 13. Give c(b).
17
Let t(w) = 3*w**2 - 7*w - 2. Let h be t(3). Let d(x) be the first derivative of -x**3/3 + x**2 + 2*x + 17. What is d(h)?
-6
Let g be (3/9)/(0 + (-2)/24). Let o(n) be the second derivative of n**3/2 + 5*n**2/2 + n. Give o(g).
-7
Let q(l) be the third derivative of l**5/60 - l**4/12 - l**3/6 - l**2 - l. Give q(5).
14
Suppose 5*q + 76 = 5*c + 26, -q - 2 = c. Let x(n) = -n**3 - 5*n**2 + 6*n. Determine x(q).
0
Let g be (-8)/2 - (-294)/72. Let t(f) be the seco